lse
Suppose 8 = 4*v - 0. Is (-10)/(2*v/(-4)) a composite number?
True
Suppose y = -y + 706. Is y prime?
True
Suppose 0 = -2*w - b - 24, -2*w - 3 = -4*b + 1. Let v be 4/w - (-186)/(-10). Let i = 40 + v. Is i prime?
False
Suppose -2*k + 266 = x - 42, -3*k - 630 = -2*x. Suppose -4*o + x = 4*r - 0*o, 5*o = 2*r - 191. Is r composite?
False
Let k(q) = -9*q + 11. Let n = 13 + -21. Is k(n) composite?
False
Let y(z) = -16 - 2*z + 21*z + 12. Is y(3) a composite number?
False
Let p be 6/(-8)*-2*6. Suppose p*u = 4*u + 180. Is u + 2 + -2 - 1 a composite number?
True
Let b(u) = -68*u - 4. Let l be b(-9). Suppose -12 = -4*k + l. Is k composite?
True
Let a be (3 - 4)*0/1. Suppose -2*p + 298 = -a*p. Is p a prime number?
True
Let z(p) = -p**2 + 7*p - 6. Let g be z(6). Suppose -2*a + 5*a + 75 = g. Let x = a - -56. Is x a prime number?
True
Suppose 4*t - 12 = -n, 2*n - 15 - 1 = -4*t. Let o(z) = 2*z**2 + t*z - z - 5*z + 5. Is o(-4) composite?
False
Let k = -5 - -7. Let p be 4*k/(-6)*-3. Suppose 5*f + 0*q - 169 = p*q, -f + 41 = q. Is f prime?
True
Suppose 0 = -4*j + 7 - 23. Let b(h) = 0*h - 6 + h**3 + 0*h**2 + 3*h**2 - 7*h + 0*h. Is b(j) composite?
True
Let o(m) = -m**3 + 2*m**3 + 3*m**2 + m - 2*m**2 - 4 + 41. Is o(0) a composite number?
False
Let v(u) = 175*u - 1. Let k be v(1). Suppose -5*g + k = -3*g. Is g prime?
False
Suppose 0 = -2*z - 8, 92 = 3*c - 2*z - 36. Let n(b) = b**3 + 6*b**2 - 8*b - 4. Let x be n(-7). Suppose 0 = 2*i - x*g - 96, -i + 9 = -g - c. Is i prime?
False
Let c(r) = 69*r**2 + 2*r - 1. Let z be c(1). Is (-1 - (0 - 0)) + z composite?
True
Let v be 29/9 - (-2)/(-9). Let a(b) = -2*b + 3. Let q be a(v). Let x(o) = -6*o + 1. Is x(q) prime?
True
Is -1 + (328/2 - 0) composite?
False
Let c = 216 + -97. Is c a composite number?
True
Suppose -2*g + 108 = -282. Let a = g + -33. Suppose 0 = -3*k + a - 69. Is k a composite number?
False
Suppose -2 = -2*b + 6*b + 3*m, b = -m - 1. Let w be 2/(-7) + 775/(-7). Is ((-2)/6)/(b/w) composite?
False
Suppose -y - 147 + 824 = 0. Is y a prime number?
True
Let x(h) = -h**3 + 11*h**2 - h + 16. Let l be x(11). Suppose 63 + 212 = l*r. Is r composite?
True
Let a(u) = -u**3 - 7*u**2 - 5*u + 8. Let r be a(-6). Let n be (r - (2 - 0)) + 0. Is (n + -2)/((-12)/954) a composite number?
True
Suppose 4*y = -2*r + 708, -2*y - 4*r + 7*r = -370. Is y prime?
True
Let r = 0 - 1. Let q(x) = -x**2 - x + 4. Let u be q(-4). Let f = r - u. Is f a composite number?
False
Let n(k) = k**3 + 3*k**2 - 4*k + 6. Let m be n(-6). Let s = 223 + m. Is s prime?
False
Is (6/9)/((-4)/(-1506)) composite?
False
Let f(x) = x**3 - 8*x**2 - x. Let p be f(8). Let y(h) = h**2 + 9*h + 10. Is y(p) a composite number?
False
Let g = 86 - 37. Is g composite?
True
Suppose -6*h = -2*h - 8. Suppose 3*x = h*x + 95. Is x prime?
False
Suppose 3*c - 6*c = -1725. Let t = c - 257. Is (t/(-9))/(2/(-3)) composite?
False
Is ((-21)/(-14))/(6/44) composite?
False
Suppose 4*h + r - 10469 = h, 3*r + 10485 = 3*h. Is h prime?
True
Let a = 247 + 1851. Is a composite?
True
Suppose -5*n + 2*w = -3266, -5*n - 8*w = -3*w - 3245. Suppose -b = 3*b - n. Suppose 2*s + 3*g - 2*g = b, -296 = -4*s + 4*g. Is s composite?
False
Suppose 3*h - 5*h - 844 = -4*g, -4*h = -5*g + 1055. Is g a prime number?
True
Let x be -1 - 15/(-6)*2. Let g(b) = 161 - b**3 + 4*b - x*b - b**2. Is g(0) a composite number?
True
Let p be (-18)/(-24) + 18/8. Is -3 + 27/p - 2 composite?
True
Let s(u) be the third derivative of u**5/30 + 7*u**4/24 - 2*u**3/3 - u**2. Let f(b) = b + 1. Let g be f(-7). Is s(g) composite?
True
Let b = -6 - -5. Is ((-7)/3)/(b/6) a prime number?
False
Let g be 2*1*(0 - -2). Let s(p) = 14*p**2 - 1. Let k be s(-1). Suppose -53 = -g*o - k. Is o composite?
True
Let g(t) = -44*t + 1. Let u be g(3). Let s = -16 - u. Is s a composite number?
True
Suppose -l - 4*o + 480 = -213, 0 = -5*o - 5. Is l composite?
True
Suppose 2*u - 18 + 6 = 0. Suppose -3*a + 1 = -g, u*a - 25 = -3*g + a. Suppose 4*b - 163 = 5*i + 96, -g*i = -25. Is b a prime number?
True
Suppose -q + 2 = -3. Suppose 5*y = -3*v + 98, q*y + v + 32 = 128. Is y a composite number?
False
Let p = -4 + 6. Suppose w + p*x - 87 = 0, 4*w + 4*x - 19 = 313. Is w a prime number?
True
Let i = 3 - -2. Suppose -i*p = -2*p - 57. Is p composite?
False
Let p(g) = 14*g**2 + 2*g**3 + g**3 - 2*g**3 + g - 8*g**2 + 1. Is p(-5) composite?
True
Let j = 6 + -3. Let t = -1 + j. Let f = 24 - t. Is f a prime number?
False
Let b = 2120 - -1087. Is b a composite number?
True
Let u = 39 - 173. Let q = u - -208. Is q prime?
False
Suppose h - 552 = -5*j, 29 + 208 = 2*j - 5*h. Is j a prime number?
False
Suppose -4*h - 21 = -5*h. Is h + (-4 - -1 - -5) a prime number?
True
Let f be (-25)/(-10) + 2/4. Let o be 19*1/(-1)*-7. Suppose -f*q - 11 = -2*r + 60, -4*r = -3*q - o. Is r a prime number?
True
Is (622 - 0) + -3 + 4 prime?
False
Let v = 257 - -133. Let h = -181 + v. Is h prime?
False
Let m = -29 - -19. Let n be (-1)/((2/m)/1). Suppose -n*c + 66 + 499 = 0. Is c a prime number?
True
Suppose 0*g + 576 = 2*g. Suppose 4*f = 5*m - 502, -f - f + g = 3*m. Suppose -5*z = -7*z + m. Is z a prime number?
False
Let z be (-1584)/(-56) - (-4)/(-14). Suppose 5*w = w + z. Is w prime?
True
Let u(s) = s**3 + 9*s**2 - 8*s + 7. Is u(-9) a prime number?
True
Suppose 2*l - 5*u - 1692 = 0, 3*l - 5*l + u + 1684 = 0. Is l a composite number?
True
Let n be -3*1*(-2 + 1). Suppose 2*l - 5*l + n*b = -27, -9 = 3*b. Is (-39)/2*l/(-9) composite?
False
Let k = 3 - 5. Is (4/(-6))/(k/165) composite?
True
Suppose u - 972 = -3*u. Suppose 0 = 3*z + 3*c - u, -3*z + 0*z - 4*c + 245 = 0. Is z a composite number?
False
Suppose d + 3*d = 16. Suppose d*j = 4*r + 228, 4*j + 0*r - 220 = 2*r. Is j composite?
False
Let v = 2 - 2. Suppose 0 = -2*o + 2*s + 18, 3*o = -4*s - 3 + 16. Let m = o - v. Is m a composite number?
False
Let l(a) = -31*a**3 + 1 - 11*a**2 - a + 11*a**2. Let w be l(2). Let v = w + 376. Is v a composite number?
False
Is (-215)/(-20) - (-3)/12 prime?
True
Let y = -2 + 1. Let c be (y - -2)*(-3 - -4). Suppose 2*s = c + 109. Is s composite?
True
Suppose -r = -m + 4*m - 194, -2*r - 2*m + 384 = 0. Is r prime?
True
Let s be (-9256)/18 - 8/(-36). Suppose -34 = 3*u + p, 2*p - 20 = 4*u - 3*p. Is s/(-5) - 2/u a prime number?
True
Let r(s) = -2*s - 16. Let k be r(-11). Let z(g) = -g + 1. Let m(u) = -7*u + 3. Let t(w) = -m(w) + 4*z(w). Is t(k) prime?
True
Suppose 4*b - 6*b = 4*d - 3870, 0 = 3*b + 5*d - 5807. Is b a composite number?
True
Let y be 3/(3/2 + 0). Suppose -2*t - 5*a = -42, y*t - 3*a - 167 = -3*t. Is t composite?
False
Let f = 3 - 2. Let h be 4 + (f - -1)/(-2). Is (-6)/h + 0 - -9 composite?
False
Suppose 2*j = -j + 12. Suppose 0 = -4*b - 2*r + 62, j*b - r - 61 = -8. Is b prime?
False
Is 5358/16 - 7/(-56) a composite number?
True
Let x = 4124 - 2439. Is x prime?
False
Suppose 5*r - 16 = r. Suppose -o - 3*m + 83 = -4*m, 0 = -r*o + 3*m + 332. Is o a composite number?
False
Is (-2 - -6)*(-10)/(-4) a composite number?
True
Suppose 5*d - 4*a - 20 = 0, 0 = -4*d - 4*a - 27 + 7. Let r(z) = z + 25. Is r(d) a prime number?
False
Suppose -2*p = 2*k - 14, -5*k + 4 = -4*k + 4*p. Let f = k + 7. Is f a composite number?
True
Let i = -443 - -713. Let u = -187 + i. Is u a prime number?
True
Suppose 0 = 8*p - 105 - 3039. Is p a composite number?
True
Let d(s) = 3*s + 2. Let h be d(3). Suppose 2*t = 4*a + 20, -a = -0*a - 2*t + h. Is (a - -72)*2/6 a prime number?
True
Let c be (-58)/(-4) + 2/4. Is (-1786)/(-6) - (-5)/c a prime number?
False
Let g be (-30)/9*(-9)/6. Suppose g*t = -15, -4*i - 5*t + 359 = -2*i. Is i a composite number?
True
Let j = 769 - -1752. Is j prime?
True
Suppose 2*z + 5*p - 3 = 4*z, 2*p + 10 = -2*z. Let n = z - -4. Suppose 5 = -l - n, -h + l = -118. Is h prime?
True
Suppose -2*d = -3*d + 5. Suppose -2*r + d*n + 22 = -r, 2*r - 86 = -4*n. Is r a prime number?
True
Let i(x) = -2*x - 9. Let b be i(-7). Let h(a) = 2*a**2 - 4*a - 7. Is h(b) a prime number?
True
Let f be -11 - (-1 - 0 - 2). Let x = f + 12. Is x a composite number?
True
Suppose 0 = -2*u, -2*u = -z - u + 214. Is z prime?
False
Suppose 3*y - 2593 = 4*d, -3*d = -5*y + 2*d + 4330. Is y composite?
True
Suppose -5*r - 46785 = -20*r. Is r composite?
False
Let m(o) = o**3 - 6*o**2 - 7*o + 1. Let v be m(7). Is (v - 3)*738/(-12) a prime number?
False
Let w = 529 - 